actor of 37614415 and 83685.
3985
What is the highest common divisor of 383768 and 43877?
89
What is the highest common factor of 748 and 4170712?
68
What is the greatest common divisor of 10438771 and 399?
133
Calculate the highest common factor of 35378140 and 35420.
3220
Calculate the highest common factor of 2924 and 11797824.
172
Calculate the greatest common factor of 33158 and 7596840.
118
What is the greatest common divisor of 233085 and 19065?
615
Calculate the greatest common factor of 42 and 111950958.
42
Calculate the greatest common factor of 429 and 296159292.
429
What is the greatest common factor of 1900 and 514465850?
950
Calculate the greatest common divisor of 365569122 and 102.
102
Calculate the greatest common factor of 43 and 17911779.
43
What is the highest common factor of 9996 and 84541?
17
What is the greatest common divisor of 19120128 and 340764?
4668
What is the highest common divisor of 28913828 and 192537?
2377
What is the highest common factor of 404 and 33618658?
202
Calculate the greatest common factor of 3793 and 2742722093.
3793
What is the greatest common divisor of 587 and 3331225?
587
Calculate the greatest common factor of 260431 and 2426525.
961
Calculate the highest common factor of 28075400 and 6870.
2290
What is the greatest common factor of 6372690 and 10?
10
Calculate the greatest common divisor of 9254664 and 5712.
408
Calculate the highest common factor of 8714905 and 69400.
1735
Calculate the greatest common factor of 2712 and 63124851.
339
Calculate the greatest common factor of 762003 and 308439.
387
Calculate the greatest common divisor of 1514050 and 251870.
2830
What is the greatest common factor of 626295 and 52245?
645
What is the greatest common factor of 1358 and 430874?
194
What is the greatest common factor of 31359564 and 108?
36
Calculate the greatest common factor of 25431076 and 440.
44
Calculate the highest common divisor of 7315802 and 1378.
1378
Calculate the greatest common divisor of 774457 and 23276146.
10609
What is the highest common divisor of 17 and 26056495?
17
Calculate the greatest common factor of 1080 and 188420.
20
What is the highest common factor of 34302 and 600?
6
Calculate the highest common factor of 14585714 and 169.
169
Calculate the highest common factor of 1104 and 813448176.
1104
Calculate the highest common factor of 24089325 and 39.
39
Calculate the highest common divisor of 53010 and 29205.
45
What is the highest common divisor of 21832 and 109704?
8
What is the greatest common divisor of 5456 and 25802788?
1364
What is the greatest common divisor of 3694080 and 911495?
2405
What is the highest common divisor of 27901884 and 924?
12
What is the highest common divisor of 21351528 and 3168?
792
What is the highest common divisor of 205 and 20635423?
41
Calculate the greatest common divisor of 795457 and 1712217.
559
What is the highest common divisor of 78489908 and 1148?
1148
What is the greatest common factor of 429627038 and 556?
278
What is the greatest common factor of 191112056 and 4612?
4612
What is the greatest common factor of 35000419 and 754?
29
Calculate the highest common divisor of 944432 and 39645.
881
Calculate the greatest common divisor of 3441 and 1347725.
1147
What is the greatest common factor of 50508 and 33606?
18
What is the greatest common divisor of 1746728 and 7424?
232
Calculate the highest common factor of 6793710 and 4114.
374
Calculate the highest common factor of 345558819 and 151.
151
Calculate the greatest common factor of 931964350 and 100.
50
Calculate the highest common divisor of 167 and 20193139.
167
Calculate the greatest common factor of 635 and 322855.
5
Calculate the highest common factor of 1580 and 1060420.
20
What is the highest common factor of 6671373 and 284?
71
Calculate the highest common factor of 1075 and 11089915.
215
Calculate the highest common divisor of 7599 and 16149216.
447
Calculate the highest common divisor of 23807783 and 2875.
23
What is the greatest common factor of 148 and 13496046?
74
Calculate the greatest common divisor of 2022045 and 345.
345
Calculate the highest common factor of 46196997 and 99.
33
What is the greatest common factor of 27429 and 9481737?
669
Calculate the greatest common factor of 1976589960 and 120.
120
Calculate the greatest common divisor of 23188859 and 2097.
233
Calculate the greatest common divisor of 507 and 4182282.
39
What is the highest common divisor of 69027 and 18297?
57
What is the greatest common factor of 164776 and 26144?
344
Calculate the highest common divisor of 121212 and 647010.
1638
Calculate the highest common divisor of 46256687 and 1212.
101
Calculate the greatest common factor of 8965633 and 15448.
1931
What is the highest common divisor of 399708 and 2052?
108
Calculate the highest common factor of 38556777 and 668419.
8461
Calculate the greatest common factor of 210503 and 615227.
1163
Calculate the greatest common factor of 1976 and 16377712.
104
Calculate the greatest common factor of 316332 and 115884.
3132
What is the greatest common factor of 180 and 19108098?
18
Calculate the greatest common divisor of 7095771 and 27.
9
Calculate the highest common divisor of 342 and 6607896.
114
Calculate the highest common divisor of 1118 and 9578257.
13
Calculate the greatest common factor of 135604019 and 17.
17
Calculate the highest common factor of 1224 and 536490.
18
What is the greatest common factor of 253527941 and 127?
127
What is the greatest common factor of 617874 and 38802?
174
Calculate the highest common divisor of 3582 and 1079774.
398
Calculate the greatest common divisor of 12991743 and 99.
9
What is the highest common divisor of 75 and 13536975?
75
Calculate the greatest common factor of 1582307 and 607543.
1123
What is the highest common factor of 16688 and 22520?
8
Calculate the greatest common factor of 32793 and 3474129.
1929
What is the highest common factor of 1440 and 103032720?
720
What is the greatest common factor of 688761692 and 194?
194
Calculate the highest common factor of 5097765 and 1305.
435
What is the highest common divisor of 95 and 7841965?
95
What is the highest common divisor of 938461 and 44672?
349
Calculate the greatest common divisor of 8542800 and 10395.
945
Calculate the highest common divisor of 27025160 and 40.
40
What is the highest common divisor of 124 and 58233748?
124
Calculate the greatest common divisor of 364853 and 61.
1
What is the highest common factor of 7748 and 452513?
149
What is the highest common divisor of 737505 and 750?
15
Calculate the greatest common divisor of 8514 and 1510542.
198
Calculate the highest common divisor of 17036586 and 308.
14
Calculate the highest common factor of 87127166 and 84.
14
What is the greatest common divisor of 59400 and 106110?
270
What is the greatest common factor of 55 and 80387659?
11
Calculate the greatest common factor of 16872 and 388227.
57
What is the greatest common divisor of 8525 and 1863565?
1705
Calculate the greatest common factor of 83652695 and 28.
7
Calculate the highest common divisor of 1218 and 12727462.
58
Calculate the highest common divisor of 31825 and 1124059.
1273
What is the greatest common divisor of 19065 and 4455351?
93
What is the highest common divisor of 11022 and 706926?
66
Calculate the greatest common divisor of 5838 and 499436.
14
Calculate the highest common divisor of 1164 and 12616656.
12
Calculate the highest common factor of 3192584 and 44.
4
What is the highest common divisor of 19512576 and 216?
216
What is the highest common divisor of 12514104 and 52704?
72
What is the greatest common factor of 2440592419 and 113?
113
Calculate the highest common factor of 196 and 10229324.
28
What is the greatest common factor of 323 and 123587229?
323
What is the greatest common factor of 61835533 and 17246?
8623
What is the greatest common factor of 1390080 and 1098670?
1810
Calculate the greatest common factor of 31499 and 1235.
13
What is the highest common divisor of 13735032 and 652?
652
What is the greatest common factor of 22431 and 16479?
3
What is the highest common factor of 26394 and 45156?
318
Calculate the greatest common divisor of 212976 and 58928.
464
What is the highest common factor of 7236 